omposite number?
True
Is 62273 a composite number?
False
Is 77093 a composite number?
False
Is 4439 a composite number?
True
Is 25963 a composite number?
True
Is 1655 prime?
False
Is 207895 a composite number?
True
Is 4791 a prime number?
False
Is 507193 a prime number?
True
Is 10961 prime?
False
Is 25387 a composite number?
True
Is 563447 prime?
True
Is 2984471 prime?
False
Is 68627 prime?
False
Is 69019 prime?
True
Is 273943 prime?
True
Is 676883 a composite number?
False
Is 129343 prime?
False
Is 41333 a composite number?
False
Is 314747 composite?
False
Is 43669 prime?
True
Is 116995 prime?
False
Is 11183 prime?
False
Is 97423 a composite number?
False
Is 110969 a prime number?
True
Is 188087 a prime number?
False
Is 3493 a composite number?
True
Is 18929 prime?
False
Is 27899 a composite number?
True
Is 165955 composite?
True
Is 296627 composite?
False
Is 111422 composite?
True
Is 1413787 a prime number?
False
Is 28115 a prime number?
False
Is 13157 a composite number?
True
Is 142849 composite?
True
Is 1591 prime?
False
Is 8542 a prime number?
False
Is 134909 composite?
False
Is 527647 prime?
False
Is 553389 a prime number?
False
Is 28687 prime?
True
Is 4747 prime?
False
Is 331 a prime number?
True
Is 1147319 composite?
True
Is 771517 a prime number?
True
Is 21787 composite?
False
Is 357841 a composite number?
True
Is 16823 composite?
False
Is 48337 a composite number?
False
Is 6247 a composite number?
False
Is 249287 a prime number?
True
Is 369743 composite?
True
Is 35753 composite?
False
Is 17539 a composite number?
False
Is 1943 composite?
True
Is 285394 a prime number?
False
Is 1429957 a prime number?
False
Is 2128649 a prime number?
True
Is 175129 a composite number?
False
Is 2636629 a prime number?
False
Is 521141 composite?
True
Is 18593 prime?
True
Is 3317 composite?
True
Is 42043 prime?
True
Is 16429 prime?
False
Is 4919 prime?
True
Is 132739 prime?
True
Is 13543 a composite number?
True
Is 13271 composite?
True
Is 109069 composite?
True
Is 1096237 prime?
False
Is 47599 a composite number?
False
Is 1032571 prime?
True
Is 12867 a prime number?
False
Is 687581 a composite number?
False
Is 562871 prime?
True
Is 3155 a prime number?
False
Is 150551 prime?
True
Is 31379 composite?
False
Is 989803 prime?
True
Is 9613 composite?
False
Is 8013 a prime number?
False
Is 653399 a composite number?
True
Is 2411 composite?
False
Is 2773 composite?
True
Is 2371 a composite number?
False
Is 55351 a prime number?
True
Is 1373729 composite?
True
Is 678169 prime?
True
Is 5899 prime?
False
Is 130049 a prime number?
False
Is 410551 composite?
False
Is 4279 composite?
True
Is 251677 composite?
False
Is 61379 a prime number?
True
Is 9913 a prime number?
False
Is 1561 prime?
False
Is 196843 composite?
True
Is 35011 a composite number?
True
Is 176663 composite?
True
Is 829 composite?
False
Is 411491 composite?
False
Is 194647 prime?
True
Is 4399 a prime number?
False
Is 20569 composite?
True
Is 4111 a prime number?
True
Is 370802 a composite number?
True
Is 5471197 composite?
False
Is 6823 a prime number?
True
Is 42491 prime?
True
Is 49727 prime?
True
Is 46327 composite?
False
Is 172553 prime?
True
Is 31561 composite?
True
Is 828431 a composite number?
False
Is 1255483 a composite number?
True
Is 452393 a composite number?
False
Is 142529 composite?
False
Is 29542 a composite number?
True
Is 38365 a prime number?
False
Is 22303 prime?
True
Is 82743 composite?
True
Is 199 a prime number?
True
Is 68053 a prime number?
True
Is 27247 a prime number?
False
Is 16333 prime?
True
Is 5399 a prime number?
True
Is 360803 a composite number?
False
Is 519427 prime?
True
Is 44041 a prime number?
True
Is 20201 a composite number?
False
Is 149509 prime?
False
Is 5731 a composite number?
True
Is 1176089 prime?
True
Is 10061 composite?
False
Is 13963 prime?
True
Is 471901 composite?
False
Is 1921 a prime number?
False
Is 12653 prime?
True
Is 1901 a composite number?
False
Is 35039 prime?
False
Is 4885 prime?
False
Is 103031 composite?
True
Is 19466 prime?
False
Is 207229 composite?
True
Is 8419 composite?
False
Is 18227 a composite number?
True
Is 313961 prime?
True
Is 7318 composite?
True
Is 10421 composite?
True
Is 1424947 a composite number?
False
Is 35491 a prime number?
True
Is 16663 composite?
True
Is 1936289 a composite number?
False
Is 32645 composite?
True
Is 133051 prime?
True
Is 1901989 a prime number?
False
Is 39 a composite number?
True
Is 21419 a composite number?
False
Is 703631 a composite number?
False
Is 279469 composite?
True
Is 45737 composite?
False
Is 1152835 a composite number?
True
Is 14519 a prime number?
True
Is 42621 composite?
True
Is 2599 a prime number?
False
Is 47111 a prime number?
True
Is 347 a prime number?
True
Is 87139 a prime number?
False
Is 1258403 prime?
True
Is 124841 prime?
False
Is 1949 a composite number?
False
Is 15187 a composite number?
False
Is 12197 a composite number?
False
Is 1058483 a composite number?
True
Is 1361 prime?
True
Is 2521 composite?
False
Is 19559 composite?
False
Is 303539 a prime number?
True
Is 8791 composite?
True
Is 15441 a prime number?
False
Is 28603 a composite number?
False
Is 8383 prime?
False
Is 37241 composite?
True
Is 69767 a prime number?
True
Is 34057 prime?
True
Is 43607 a composite number?
False
Is 350503 composite?
False
Is 30049 prime?
False
Is 53981 a prime number?
False
Is 1174237 prime?
True
Is 188126 composite?
True
Is 127235 prime?
False
Is 5471 a composite number?
False
Is 645787 composite?
False
Is 5989 prime?
False
Is 261797 a prime number?
False
Is 342977 a prime number?
False
Is 3179563 prime?
False
Is 885433 a prime number?
False
Is 307 prime?
True
Is 526861 a prime number?
False
Is 8501 composite?
False
Is 4189 prime?
False
Is 726383 a prime number?
False
Is 1256449 a composite number?
False
Is 47629 a composite number?
False
Is 1295191 composite?
False
Is 140183 prime?
False
Is 35279 composite?
False
Is 57089 prime?
True
Is 26293 prime?
True
Is 220499 a composite number?
True
Is 37 prime?
True
Is 6527 prime?
False
Is 314527 prime?
True
Is 3163 composite?
False
Is 5581 prime?
True
Is 99449 a composite number?
True
Is 21453 prime?
False
Is 147053 prime?
False
Is 1597 a prime number?
True
Is 55531 a composite number?
True
Is 1047967 composite?
True
Is 7573 prime?
True
Is 187273 composite?
False
Is 5737 a prime number?
True
Is 18947 a composite number?
False
Is 497 composite?
True
Is 6899 composite?
False
Is 14509 prime?
False
Is 215653 a composite number?
False
Is 2045567 prime?
True
Is 24987 composite?
True
Is 88345 prime?
False
Is 1454487 prime?
False
Is 15127 a prime number?
False
Is 2453 a prime number?
False
Is 35729 composite?
False
Is 4271 prime?
True
Is 497929 composite?
False
Is 9019 composite?
True
Is 257389 a composite number?
True
Is 400777 a composite number?
True
Is 12539 a prime number?
True
Is 70367 a prime number?
False
Is 631 a prime number?
True
Is 167953 a prime number?
True
Is 29123 composite?
False
Is 248509 a composite number?
False
Is 205393 prime?
False
Is 46933 prime?
True
Is 7262 a prime number?
False
Is 43709 composite?
True
Is 59833 composite?
False
Is 4183 prime?
False
Is 37277 prime?
True
Is 732601 a composite number?
False
Is 5167 a composite number?
False
Is 56659 prime?
True
Is 6823 composite?
False
Is 55559 composite?
True
Is 134899 a composite number?
True
Is 1710593 prime?
True
Is 125059 a composite number?
True
Is 599591 a prime number?
True
Is 412999 a prime number?
False
Is 2459 a prime number?
True
Is 1399 a composite number?
False
Is 1649 composite?
True
Is 10397 a prime number?
False
Is 539353 prime?
False
Is 2729 prime?
True
Is 129707 prime?
True
Is 1858207 a prime number?
False
Is 96851 prime?
True
Is 724639 a prime number?
True
Is 529085 prime?
False
Is 1223 composite?
False
Is 159157 a composite number?
False
Is 62191 a prime number?
True
Is 31389 composite?
True
Is 782693 composite?
True
Is 916445 a composite number?
True
Is 48077 prime?
False
Is 3589399 composite?
True
Is 46753 prime?
False
Is 1146317 composite?
True
Is 72949 composite?
False
Is 34769 prime?
False
Is 1028389 a composite number?
False
Is 16301 composite?
False
Is 107161 composite?
True
Is 1544891 prime?
True
Is 13217 a composite number?
False
Is 12787 a prime 